+ 5*p - 2 = 0, b + 2*b - 22 = 2*p. What is the units digit of s(b)?
8
Suppose 0 = -w + t + 63, 3*w - 181 = -t + 2*t. Let h = w + 10. What is the tens digit of h?
6
Let y(s) = -s + 1. Let r(k) = 62*k - 17. Let n(a) = r(a) + 6*y(a). What is the hundreds digit of n(2)?
1
Let q(v) = v**2 - v - 2. Let z be q(-1). Suppose z = -2*i + 6*i + 3*a + 13, -3*i + 5*a + 12 = 0. What is the units digit of (-2 - i)*(-60)/5?
2
Let b = 6 - 15. Let y = -4 - b. Suppose -164 + 54 = -y*t. What is the tens digit of t?
2
Let y(w) = -w + 3. Let v be y(0). Let r(i) = i**2 - 4*i + 3. Let c be r(v). Suppose c*z - 2*z = -74. What is the units digit of z?
7
Let j(i) = -3*i**3 + 12*i**2 - 13*i - 1. Let b(a) = a**3 - 6*a**2 + 6*a. Let k(h) = -5*b(h) - 2*j(h). What is the tens digit of k(-5)?
4
Let r = -13 - -22. Let c be r/4*512/(-24). Let b = c + 70. What is the tens digit of b?
2
Let h = 1226 + -445. What is the hundreds digit of h?
7
Let a = 799 + -239. Suppose -132 + a = 2*x. What is the tens digit of x?
1
What is the hundreds digit of 1/((9 - 7)/914)?
4
Suppose -4*h + h + 1245 = 4*s, 3*h - 4*s - 1221 = 0. What is the hundreds digit of h?
4
Suppose -12*b + 17*b = 360. What is the tens digit of (-1)/(b/(-71) - -1)?
7
Let i(j) = 2*j**2 + j + 2. Let s be i(2). What is the tens digit of (0 - -30)/(9/s)?
4
Suppose -3*q + 10*m - 12*m + 5401 = 0, -2*m = 4*q - 7204. What is the tens digit of q?
0
What is the units digit of -5 + (86 - -5) - -6?
2
Let r be ((-16)/(-40))/((-1)/15). Let h be (4/r)/((-3)/756). Suppose -4*b - 48 = -h. What is the tens digit of b?
3
Let o be 8/(4/(-2 + 0)). Let h(p) = -p**3 + 6*p**2 + p - 8. What is the units digit of h(o)?
8
Suppose 5*b - 2*k = 3*b + 2282, 0 = -b - 3*k + 1121. What is the thousands digit of b?
1
Let y = 352 - 81. What is the tens digit of y?
7
Suppose 116988 = 24*o - 19140. What is the hundreds digit of o?
6
Let h = -80 - -85. Suppose -12 = h*z - 512. What is the hundreds digit of z?
1
Suppose 0 = -2*g + q + 12, 0 = 4*g + 2*q - 8 - 8. Suppose g*y - 2901 - 649 = 0. What is the tens digit of y/30 - (-4)/(-6)?
2
Let b = 132 + 558. What is the units digit of b?
0
Let h be ((-30)/(-21))/5 + (-192)/(-14). Suppose m - 4*n - 29 = 0, -2*m + 4*m = -4*n + 58. Let p = m - h. What is the units digit of p?
5
Let f = -13 + 15. Suppose -3*p = 4*j - 9, -j - 3*p = 2*p - 15. Suppose i + 3*w - 13 = j, -i + 31 = f*w - 5*w. What is the units digit of i?
2
Suppose -5*w - 606 = -p, p + 5*w = -p + 1152. What is the hundreds digit of p?
5
Suppose 7*o + s = 4*o - 205, 3*o = -5*s - 185. What is the units digit of 2*(o/4)/(-5)?
7
Suppose 73*g = 69*g + 3368. What is the units digit of g?
2
Suppose 4*a = 6*a. Suppose -4*q + 112 = -a*q. Suppose -2*h = -4*r + 22, -r - 4*h = 3*r - q. What is the units digit of r?
6
Let w(m) = -m**3 + 5*m**2 + 5*m + 3. Let p be w(6). Let l(i) = i + 1. Let h be l(p). What is the tens digit of ((-56)/h)/((-2)/(-3))?
4
Let b be (3/(-9))/((-2)/24). Suppose -d = -20 - b. Let k = -5 + d. What is the tens digit of k?
1
Suppose 3360 = 43*l - 35*l. What is the tens digit of l?
2
Suppose 3*g + 11 + 1 = 0. Let h be g/18 + (-26)/(-117). Suppose h = 2*v - v - 23. What is the tens digit of v?
2
Let p(a) = 16*a**2 - 5*a + 4. What is the hundreds digit of p(7)?
7
Let l be 4 - (1 + 1) - 2. Suppose -2*g + l*a - 2*a = -2, -10 = -g + 2*a. Suppose -s - 6*p = -p - 49, 5*s + g*p - 182 = 0. What is the units digit of s?
4
Suppose -4416 = 13*y - 54570. What is the tens digit of y?
5
Let w be (28 - -1)/(4 - 3). Suppose -3*r = 5*z - 11 + w, -5*z + 3*r = 42. What is the units digit of 4 + z/(-2) + 22?
9
What is the units digit of 2223/6 + 2*6/(-24)?
0
Suppose -3*g - 5*g = -160. Suppose 2*j + 5*w - 19 = 179, 5*w = -g. What is the tens digit of j?
0
Let f be (22 - -2)*-2 - -3. Let s = -14 - f. What is the units digit of s?
1
Suppose 0 = -5*c + 1208 + 192. Suppose 4*l = -l + c. Suppose -4*p + l = -32. What is the tens digit of p?
2
Let u be ((-2)/6)/(4/(-384)). Suppose 0 = 3*i - 1 - u. Suppose 2*v - i = -3. What is the units digit of v?
4
Let u be (-13)/(-39) + (-26)/6. Let z = u + 16. Suppose 6*w + z = 162. What is the units digit of w?
5
Let k(o) = -2*o**3 - 2*o**2 + 5*o + 4. Let c be k(-4). Let t be c/(-14) - 4/14. What is the units digit of ((-4)/(-6))/(t/(-99))?
1
Let d(c) = 2*c + 837. What is the hundreds digit of d(0)?
8
Suppose 1244 = 5*v + 5*l - 2141, -2*v + 1354 = 4*l. What is the hundreds digit of v?
6
Let u(s) = -62*s**2 + 5*s - 4. Suppose 2*q + 16 = 5*h, -3*h - 11 = -h + 5*q. Let w be u(h). What is the tens digit of (w/11)/((-1)/2)?
4
Let l(s) = 2*s**2 - 5*s - 40. Let d be l(8). Let w = d - -7. What is the units digit of w?
5
Let j = 26 + -21. Suppose 2*i - 9 = 5*q + j*i, -4*i - 12 = -4*q. Suppose q = 3*f - 5*f + 26. What is the units digit of f?
3
What is the hundreds digit of (-7)/(-147)*-7*-1251?
4
Let z(y) = -y + 4. Let m be z(-3). Let w = m + 4. Let v(s) = s - 8. What is the units digit of v(w)?
3
Let o(l) = -l**2 - 10*l + 2. Let r be o(-8). Let f = 12 + r. Let h = f + -10. What is the tens digit of h?
2
Let o = 233 + -36. What is the tens digit of o?
9
Suppose 5608 = 2*i - 2*c - 2942, 2*i = 4*c + 8558. What is the tens digit of i?
7
Suppose c - 4 + 1 = 0. Let q(t) = -8*t + 11*t + c + 16. What is the units digit of q(12)?
5
What is the hundreds digit of (9 - 15)/((-9)/(-6))*-494?
9
Suppose 22*d - 2926 = 48092. What is the units digit of d?
9
Let p be (31 + -1)/6 + (-1)/1. Suppose -6*m + p*m + 162 = 0. What is the units digit of m?
1
Suppose 1828 = p - n, 1824 = p + 83*n - 82*n. What is the units digit of p?
6
What is the tens digit of 23 - 2242/95 - (-3698)/5?
3
Let v(q) = q**2 + 8. Let w be v(0). Let p be (-22)/w - (-3)/(-12). What is the units digit of -3 + 11 + 3 + p?
8
Let z = 2360 + -801. What is the thousands digit of z?
1
Suppose -7*l + 11*l = 64. Suppose 0*z + 3*z - c = 83, -2*c + l = z. What is the tens digit of z?
2
Let n(z) = z**2 - 9*z + 12. Let u = 40 - 32. Let f be n(u). Suppose 20 = -p + 6*p, 4*i = f*p + 240. What is the tens digit of i?
6
Let w = 118 + -62. Suppose -3*d + w = -220. What is the tens digit of d?
9
Let m = 45 - 59. Let f be (-98)/(-4) + 1/(-2). Let p = m + f. What is the units digit of p?
0
Let x(p) = -4*p**3 - 3*p**2 + 4*p - 5. What is the units digit of x(-6)?
7
Let s = 19893 - 13461. What is the units digit of s?
2
Let o = 1581 + -1023. What is the units digit of o?
8
What is the hundreds digit of (-1)/(1/(-855)) - (-22 - -27)?
8
Let d(n) = -361*n + 1. What is the units digit of d(-3)?
4
Let m = -67 - -69. Let o = 79 - m. What is the units digit of o?
7
Let i(o) = -o**2 + 11*o - 24. Let u be i(10). What is the tens digit of 714/15 - u/35?
4
Let k be -361*(-5)/(-10)*-2. Let b = k + -212. What is the tens digit of b?
4
Let p(c) = 4*c**3 + 18*c + 3. What is the tens digit of p(5)?
9
Suppose 2*z - 1384 = -400. Suppose 2*i = v + 244, -4*i + z = -v - 0*v. Suppose 0 = -u - 4, -i = -a - 3*a + u. What is the units digit of a?
0
Suppose -6*x + 5*x = 4, 5*y - 5*x - 55 = 0. Suppose -131 = -2*c + 5*n, y + 8 = -3*n. What is the units digit of c?
3
Let w(s) = -s - 10. Let l(k) = -1. Let b(f) = 2*l(f) - w(f). Let j be b(-6). Suppose -j*u = 0, 4*u - 14 = -4*q + 30. What is the tens digit of q?
1
Let q(n) = -n**3 + n**2 - n. Let w(j) = -j**3 - 2*j - 2. Let h(d) = -2*q(d) + w(d). What is the units digit of h(3)?
7
Let f(x) = 7*x**2 - 16*x + 19. What is the tens digit of f(4)?
6
Let p(q) be the second derivative of -9*q**3/2 + 19*q**2/2 - 32*q. What is the hundreds digit of p(-5)?
1
Let o = -60 + 1079. What is the hundreds digit of o?
0
Let d be (3 + 0)*(-38)/(-6). Let q = d - -38. What is the tens digit of q?
5
Let z(w) be the second derivative of -1/20*w**5 + 7/12*w**4 - 5*w + 0 + 1/2*w**2 + 1/2*w**3. What is the tens digit of z(7)?
2
Let q(p) = -p - 6. Let w be q(-11). Let g = w + -5. Suppose 15 = 3*i, g*t = -t - 5*i + 32. What is the units digit of t?
7
Let f = 249 + 671. What is the hundreds digit of f?
9
Suppose 4*w - 972 = -i, 4*w = -i + 8*w + 932. What is the tens digit of i?
5
Let g(j) = 111*j - 104*j - 3*j**3 + 0 - 7*j**2 + 3 + 4*j**3. What is the units digit of g(7)?
2
Let z(b) = b**3 - 5*b**2 + 2*b - 1. Let q be z(4). Let k(n) = 3*n + 1. Let a be k(q). What is the units digit of 28/(-42) + a/(-3)?
8
What is the hundreds